*f - 10. What are the prime factors of o(-7)?
5
Let g = 174 + -44. What are the prime factors of g?
2, 5, 13
Suppose -2*k + 12 + 28 = 0. List the prime factors of k.
2, 5
Let i(f) = 2*f**2 + 6*f - 3. What are the prime factors of i(5)?
7, 11
Let w(d) = -9*d**3 - d**2 + d - 1. Let m be w(1). List the prime factors of (m/(-4))/(2/4).
5
List the prime factors of (178/4)/((-4)/((-48)/6)).
89
Let l(c) = -3 - c + 7*c + 2*c**2 + 6. Let y be l(5). Suppose 0 = 4*w + 31 - y. List the prime factors of w.
13
Let g = 3 + -1. Suppose 5*k - 240 = 4*m, -k + 28 + 26 = -g*m. List the prime factors of k/8 - (-1)/(-2).
5
Suppose -4*m + 2*s = -40, s - 3 = -7. Let q = m + 19. What are the prime factors of q?
3
What are the prime factors of (5 - 47)/(-1 + (-10)/(-14))?
3, 7
Suppose -z - 5*v + 72 = 0, 0 = -0*z - z + 2*v + 58. Suppose -d - 18 + z = 0. List the prime factors of d.
2, 11
Let v = -13 - -35. List the prime factors of v.
2, 11
Let d = -77 + 117. List the prime factors of d.
2, 5
Let b be (-2)/2 + 1 + 2. Suppose 2*w = -5*p + 37, -w + p + b*p + 2 = 0. List the prime factors of w.
11
Let h = 94 - -71. What are the prime factors of h?
3, 5, 11
Let l = -6 - -8. Suppose 2*n = -l*n + 52. List the prime factors of n.
13
Suppose -3*q = -6*q. Suppose -b + 13 = -q*b. List the prime factors of b.
13
Let f = 35 - -1. What are the prime factors of f?
2, 3
Let j = 1 + 0. Let y = j + 7. What are the prime factors of y?
2
Suppose 0 = t + 1 - 51. Let q(p) = -4*p + 2. Let m be q(-3). Suppose 5*k - t = 2*w + 13, 2*k + 2*w = m. List the prime factors of k.
11
Suppose -t + 3*t + 200 = 2*d, -3*d = -4*t - 298. List the prime factors of d.
2, 3, 17
What are the prime factors of -49*2/8*(-9 - 3)?
3, 7
Let g(n) = 3*n**2 + 1 - 1 + n. Let t be g(-1). Suppose t*v - 3 = j - 2, -5*j - 4*v = -65. What are the prime factors of j?
3
Let q(n) = 4*n - 14. List the prime factors of q(6).
2, 5
Let v = -4 + 3. Let z be -1*(-5)/((-15)/63). List the prime factors of (3/9)/(v/z).
7
Suppose 0*p = -3*x + 2*p + 324, -4*x - 3*p = -449. List the prime factors of x.
2, 5, 11
List the prime factors of (-2 - -24)*2/4.
11
Suppose -28*r + 72 = -22*r. List the prime factors of r.
2, 3
Suppose 5*y - 14 = 11. List the prime factors of 12 + (-5)/(y/2).
2, 5
Let i(q) = -4*q + 5. Let c(h) = -9*h + 10. Let t(g) = 3*c(g) - 7*i(g). What are the prime factors of t(9)?
2
Let m be ((-7)/14)/(2/(-48)). What are the prime factors of (3 - 0) + (m - -7)?
2, 11
Suppose 3*k = 2 + 19. Suppose -13 = -n + k. Let j = n - 7. List the prime factors of j.
13
Suppose -88 = -4*j - 7*g + 3*g, 4*g = -3*j + 64. What are the prime factors of j?
2, 3
Let s(r) = 3*r - 1. Let n be s(2). Suppose -5*g = b + 10, -n*b + g = 3 - 5. Suppose -5*w + 32 + 8 = b. What are the prime factors of w?
2
Let h(x) = -1 + 11*x - 2*x + 2 + 9*x. Let r be h(1). Let f = r - 11. What are the prime factors of f?
2
Let f = 205 - -104. List the prime factors of f.
3, 103
Suppose -2*g + b = -g - 36, 2*b - 118 = -3*g. What are the prime factors of g?
2, 19
Suppose 3*r + 321 = 1515. List the prime factors of r.
2, 199
Suppose 8 = 2*x - 18. Suppose -2*p - x = -77. List the prime factors of p.
2
Let x = -67 - -89. List the prime factors of x.
2, 11
Let j = -3 + 5. List the prime factors of j.
2
Let w(q) be the second derivative of q**4/4 + q**3/3 - 3*q**2/2 - 2*q. What are the prime factors of w(-3)?
2, 3
Let s(y) = -y**2 - 2*y + 4. Let d be s(-5). Let r = d - -15. Suppose f - r = 1. What are the prime factors of f?
5
Let w be 6/4 + 2/4. Suppose -3*b = b - o - 52, -40 = -w*b + 4*o. List the prime factors of b.
2, 3
Let q = -8 + 18. Suppose 0*h - 5*h + q = 0. List the prime factors of h.
2
Let b be ((-6)/4)/((-4)/96). Let u be (1 - 1)/(-3 - 0). Suppose -2*o - 2*o + b = u. What are the prime factors of o?
3
Suppose 9*j = 4*j + 25. Suppose z - g - 6 = 0, -3*z - 2*z - j*g = -30. What are the prime factors of z?
2, 3
Let m be (4/(-6))/((-7)/42). Suppose m*u - 81 = 91. What are the prime factors of u?
43
Let r(d) = -4*d - 18. Let y be r(-10). Suppose -y = -c + 3*s, 3*s - 46 = -0*c - c. List the prime factors of c.
2, 17
Let l = -4 - -4. Suppose l = g - 2 - 5. Suppose -5*o = -2*z - g, -21 = -5*z + o + 19. What are the prime factors of z?
3
Let p(u) = 5 + 2*u - u - 1. Let o be p(-4). Suppose -3*l + 54 = 2*v + v, o = -3*l. What are the prime factors of v?
2, 3
Suppose -2 = -6*t + 7*t. What are the prime factors of 10/20 - 31/t?
2
Let t(k) = 6*k**2 + 17*k - 2. What are the prime factors of t(4)?
2, 3
Let u = -477 - -683. What are the prime factors of u?
2, 103
Let i = 44 + -29. List the prime factors of i.
3, 5
Suppose -1237 = -10*j + 213. What are the prime factors of j?
5, 29
Suppose 2*x = 7*x - 5. What are the prime factors of ((-3)/9)/(x/(-51))?
17
List the prime factors of 0 + 8/(-28) + 422/7.
2, 3, 5
Let f = 28 + -14. Let h = f - 8. What are the prime factors of h?
2, 3
Let r = 3 + -1. Let h be (4/(-6))/((-8)/132). Suppose -i = 5*l + r, i = -i + 5*l + h. What are the prime factors of i?
3
Let u = -46 - -269. What are the prime factors of u?
223
Suppose 0 = -4*r + 2*x + 20, -2*r + 10 = -0*r + 3*x. List the prime factors of (3/r)/((-3)/(-45)).
3
Let s(t) = 3*t**2 - 10*t + 6. Let b be s(7). Suppose b = 2*h + 13. What are the prime factors of h?
5, 7
Let h be (3 + 2)/(1/1). Suppose 6*d - h*d - 16 = 0. Suppose -4*p = -12 - d. What are the prime factors of p?
7
Let m = 2 + 6. Let g = 13 - m. Suppose -g = -c + 3. What are the prime factors of c?
2
Let g = 3 + -17. Let j = g + 23. List the prime factors of (-27)/j - (-24 - 1).
2, 11
Let s = 20 - 18. What are the prime factors of s?
2
Suppose 0*k = 5*k - 25. Suppose -5*l = -l + y - 27, -k*y = 3*l + 1. Suppose -3*u + 22 = -l. List the prime factors of u.
2, 5
Let k = -4 - -10. Let x(a) = -a**2 + 6*a + 3. Let j be x(k). Suppose -j*q = -6*q + 12. List the prime factors of q.
2
Suppose 15 = 5*x, x + 21 = -2*h - 0*h. Let l = h + 18. What are the prime factors of l?
2, 3
Let x = 8 + -6. Suppose x = -3*t + 5*t. Let l = t + 3. What are the prime factors of l?
2
Let m(v) = -2 + v - 5*v + 2. What are the prime factors of m(-2)?
2
Let f = 7 + -2. Suppose o - f*o = -88. List the prime factors of o.
2, 11
Suppose 3*r = 0, 2*y + y - 4*r = -6. List the prime factors of (8/10)/(y/(-95)).
2, 19
Let n be (-3)/(-9) - (-69)/9. Let f(p) = p - 7*p + 3*p**2 + 6*p**2 - p**3 - 9. List the prime factors of f(n).
7
Let s(l) = -l**3 + 7*l**2 - 2*l + 4. What are the prime factors of s(3)?
2, 17
Let u(i) = 4*i**3 + 3*i**2 - i - 1. Let v(a) = a**3 + a**2 - 1. Let j(q) = u(q) - 2*v(q). Let g be (1/3)/((-2)/(-6)). What are the prime factors of j(g)?
3
Let v(j) = 4*j + 9. Let r be ((-2)/(-6))/((-4)/(-72)). List the prime factors of v(r).
3, 11
Let a be 42/4*4/3. Suppose 4*s = a + 2. What are the prime factors of s?
2
Suppose 5*q - 6 = 3*q. Let y(i) = -q*i + 2 + 3*i + 5*i - i**2. List the prime factors of y(4).
2, 3
Suppose 2*a = 2*h - 10, -4*a + 2*h + 1 = 13. Let v be a + -2 + 3 + -2. List the prime factors of (v*(1 + -2))/1.
2
Suppose 96 = f + 3*f. What are the prime factors of f?
2, 3
What are the prime factors of 2*(-1)/(-2)*-1*-59?
59
Let f = -202 - -347. Let l(d) = -2*d - 6. Let u be l(-5). List the prime factors of (-6)/u + f/10.
13
Let f be 1/(-2)*(-12)/1. Suppose -2*k = -f*k + 20. Suppose -10 = -k*q - 0. List the prime factors of q.
2
Let b(v) = v**3 + 8*v**2 + 8*v + 10. Let g be b(-7). Let z = g + 21. What are the prime factors of z?
2, 3
Suppose 0 = -m + 1 + 2. Suppose -4*b + 80 = -m*h + 5*h, -3*b - 2*h = -59. What are the prime factors of b?
3, 7
Suppose 0 = -4*u - 2*g + 14, -4*u - 5*g + 14 = -3. Suppose -u*b + 0*b + 2*p = -26, -b + 14 = -2*p. What are the prime factors of b?
2, 3
Suppose y - 4 = 0, -y = -2*o + 2*y + 8. Let r be (-5)/(-2) - (-5)/o. Suppose 4*b + 3*a = 86, -r*b + 88 = b + 4*a. List the prime factors of b.
2, 5
Let x = 22 - 16. List the prime factors of x/9*-3 - -14.
2, 3
Let j(y) = -y**2 - 9*y - 2*y + y - 7. What are the prime factors of j(-6)?
17
Let w(s) = 2*s**2 + 9*s - 10. List the prime factors of w(-8).
2, 23
Let u(c) = -1 + 11*c + 5 - 2. Let q be u(3). Suppose -q = -4*d + 1. List the prime factors of d.
3
Let g be ((-16)/10)/((-1)/(-5)). Let r = g + 11. What are the prime factors of r?
3
Suppose d - 3 = 0, -5*d = -7*g + 3*g - 19. 